en r is divided by s.
3
Calculate the remainder when 17 is divided by 35/(-7)*-1*1.
2
Let b = -19 - -28. Let f(i) = -i**3 - 12*i**2 - 11*i + 26. What is the remainder when f(-11) is divided by b?
8
Suppose -k + 4*k - 120 = 0. Calculate the remainder when k is divided by 14.
12
Let n = 8 + 0. Let q be (-2)/(-5) + 168/30. Let s = n - q. What is the remainder when 2 is divided by s?
0
Let t be ((-4)/(-5))/(3/15). Suppose 2*x - t*x = q - 13, 5*x - 38 = -3*q. What is the remainder when 41 is divided by q?
8
Let r(c) = c**3 - 5*c**2 - 5*c + 7. Calculate the remainder when 25 is divided by r(6).
12
Suppose -n + 5*n - 209 = -5*m, 164 = 4*n - 4*m. What is the remainder when n is divided by 12?
10
Let v = 8 + -8. Let n = 10 + v. Calculate the remainder when 18 is divided by n.
8
Let j be -10*((-15)/6 - -3). Let q be 26 + 2 + j + 0. Suppose f = -0*f + q. Calculate the remainder when f is divided by 12.
11
Suppose -55 = -5*h - 0. Calculate the remainder when 29 is divided by h.
7
Suppose 129 = 30*z - 27*z. Calculate the remainder when z is divided by 15.
13
Suppose -4*w - 7 = 4*k - 27, -2*k + 2 = 0. Suppose 4*t = w + 20. What is the remainder when 15 is divided by t?
3
Suppose 0*y - 5*y + 55 = 0. Let t = -12 - -22. Let o(z) = z**3 - 11*z**2 + 13*z + 2. What is the remainder when o(t) is divided by y?
10
Let i(n) = -n**3 + 4*n**2 + 6*n + 3. Calculate the remainder when 46 is divided by i(5).
6
Suppose 3*b = 6 + 144. What is the remainder when b is divided by 26?
24
Suppose u + 1 = 2*u. What is the remainder when (-21)/(-9) - (-4)/6 is divided by u?
0
Calculate the remainder when -4*((-255)/12)/5 is divided by 4.
1
Let h(k) = 3*k**2 + 9*k + 5. Let j be h(7). Suppose -p + j = 4*p. Suppose 5*a - 34 = 3*u + p, -5*a - 4*u + 49 = 0. What is the remainder when a is divided by 5?
3
Suppose -4*v + 0*v = 4*k - 88, 0 = 3*v + 6. What is the remainder when k is divided by 9?
6
Let n be 8 - (2 - 0) - 1. Suppose -n*u + 0*u = -1000. Suppose 0*m = 5*m - u. What is the remainder when m is divided by 14?
12
Suppose -m + 2*z + 7 = -14, z = 5*m - 69. Calculate the remainder when 49 is divided by m.
10
Let u(i) = 8*i + 1. Suppose -2*f - 8 = 0, -3*j + 2*f + 7 = f. What is the remainder when -2 - 1/((-2)/36) is divided by u(j)?
7
Let b(h) = -4*h + 1. Let r be b(2). Let i = r + 10. Suppose 5*z - 35 = -3*t - 2*t, -3*z - 43 = -5*t. Calculate the remainder when t is divided by i.
2
Let z = 7 - 5. What is the remainder when 7 is divided by z?
1
What is the remainder when 44 is divided by 6/((-7)/(21/(-2)))?
8
Suppose 0 = -3*z + 5*m + 87, -4*z = -3*m + 2*m - 99. Calculate the remainder when z is divided by 13.
11
Suppose 10*j - 1483 + 373 = 0. Calculate the remainder when j is divided by 14.
13
Let s(x) = -x**2 - 17*x + 8. Let c = -2 - -1. What is the remainder when (c/1)/((-1)/29) is divided by s(-17)?
5
Suppose -28 = -3*f + 8. Let l(c) = c**2 + c - 2. Let k be l(-2). Let a = k + f. Calculate the remainder when a is divided by 7.
5
Let w = 56 + -26. Calculate the remainder when 87 is divided by w.
27
Let b = -28 + 39. Calculate the remainder when 43 is divided by b.
10
Let x(d) = 10*d - 1. Calculate the remainder when 26 is divided by x(1).
8
Let r = -33 + 52. What is the remainder when r is divided by 12?
7
Let v(a) = -a + 13. Let b be v(6). Suppose 4*i - 112 = -2*h, -4*i + b*i = -2*h + 85. Calculate the remainder when i is divided by 10.
7
Let j = -11 + 25. What is the remainder when 139 is divided by j?
13
Let c = 3 + -36. Calculate the remainder when 63 is divided by (4/3 + -2)*c.
19
Let h be (-2)/6 - 7/(-3). Let f(z) = 18 + h*z - 5*z + 4*z. Calculate the remainder when 34 is divided by f(0).
16
Let h = -11 + 24. Let q = h - -1. What is the remainder when q is divided by 5?
4
Suppose 42*y = 36*y + 366. What is the remainder when y is divided by 9?
7
Suppose g + 5*c + 11 = 2*g, 5*g - c - 7 = 0. What is the remainder when 7 is divided by (-2 + 4)/(g/2)?
3
Suppose 0 = -y + 2*y + 2*q - 91, -5*y + 488 = -q. Calculate the remainder when y is divided by 25.
22
Suppose 5*r - 303 + 58 = 0. Let d(c) = -c**2. Let n(i) = -3*i**2 - 10*i + 7. Let p(w) = 4*d(w) - n(w). What is the remainder when r is divided by p(6)?
15
Let b(x) = x**3 + 12*x**2 + 11*x. Let n be b(-9). Let z be ((-2)/3)/((-6)/n). Suppose 4*l - 4 - z = 0. Calculate the remainder when 13 is divided by l.
3
Let s = -9 + 12. What is the remainder when 7 is divided by s?
1
Let s = 17 + 9. What is the remainder when s is divided by 9?
8
Suppose -2*v - v + 12 = 0. Suppose k - 9 = -v. Suppose -p = p - 16. What is the remainder when p is divided by k?
3
Suppose -56 = -2*v + 10. What is the remainder when v is divided by 12?
9
Let f(c) = 4*c - 3. What is the remainder when 49 is divided by f(5)?
15
Let p(t) = t + 34. Let c be p(0). Suppose 5*z - 31 = c. Calculate the remainder when 49 is divided by z.
10
Let d(n) be the third derivative of n**6/120 + n**5/10 + n**4/8 + n**3/2 - 2*n**2. Let f = -3 + -2. Calculate the remainder when 25 is divided by d(f).
12
What is the remainder when 29 is divided by ((-27)/45)/((-3)/30)?
5
Let h = -7 + 28. What is the remainder when h is divided by 8?
5
What is the remainder when 167 + (-1)/(2*(-2)/8) is divided by 43?
40
Suppose -2*a - 5*q = -135, 4*a + 110 = -2*q + 420. Suppose -4*k - j + a = 0, 2*k + 2*j - 3*j = 34. What is the remainder when 73 is divided by k?
16
Let j = -75 - -110. What is the remainder when j is divided by 3?
2
Suppose -11 = -2*x - 1. Let c be (-2 + 4)*-1 - -2. What is the remainder when 13 is divided by x*-1*-1 - c?
3
Suppose -34 = -2*c + 12. Calculate the remainder when 45 is divided by c.
22
Suppose 2*w + 16 - 52 = 0. Let m(q) = -q**3 - 2*q**2 + q + 5. Calculate the remainder when m(-4) is divided by w.
15
Let v = -22 - -32. Suppose -7 + 4 = -r. Suppose 6 = r*x - 2*x. What is the remainder when v is divided by x?
4
Suppose -4*y = -2*l - 106, -5*l + 38 + 61 = 4*y. Calculate the remainder when y is divided by 15.
11
Suppose 4*k = 6 + 2. Suppose 60 = j - 3*b, -5*j - k*b + 11 = -323. Calculate the remainder when j is divided by 17.
15
Let d(l) be the third derivative of -l**6/120 + l**5/6 - l**4/4 + 5*l**3/3 - 2*l**2. What is the remainder when d(9) is divided by 13?
11
Let g = 40 + -34. What is the remainder when 21 is divided by g?
3
Suppose 0 = 5*f - 3*f + 5*s - 16, 3*s = 4*f - 32. What is the remainder when (-6)/(-10) - 882/(-30) is divided by f?
6
Let q(p) = p**3 - 9*p**2 + 10*p + 2. Let c be q(7). Let w = c - -39. Calculate the remainder when 23 is divided by w.
10
Suppose 5*g - 5 = -15. Let b be (1 - -2)*g/(-3). Suppose -r - b*r - i = -97, -29 = -r + 3*i. What is the remainder when r is divided by 17?
15
Suppose -4*h - h = 4*g - 36, -4*g - 2*h + 24 = 0. Suppose g*b + 21 = 253. Calculate the remainder when b is divided by 15.
13
Let o(s) = 3*s**2 + 9*s + 8. Let q be o(-5). Suppose -g = g - q. What is the remainder when g is divided by 5?
4
Let z(r) = 10*r - 37. Calculate the remainder when z(10) is divided by 11.
8
Suppose c - 4*f = -0*c - 5, f + 4 = c. Let w be 9/(2*(-2)/4). What is the remainder when c is divided by 1/(-2 + (-21)/w)?
1
Calculate the remainder when 33 - (-1)/(-2)*2 is divided by (-147)/(-14) + (-2)/(-4).
10
Suppose 0 = -7*n + 2*n - 80. Let s = -3 - n. What is the remainder when 25 is divided by s?
12
Calculate the remainder when 1/4 - (-1310)/40 is divided by 9.
6
Let a = 21 + -11. Calculate the remainder when a is divided by 7.
3
Let i(k) = -k**3 - 2*k**2 + k - 1. Suppose 5*r = 2*r - 9. Calculate the remainder when 13 is divided by i(r).
3
What is the remainder when 71 is divided by 1/((-9)/(-6))*27?
17
Calculate the remainder when 12/54 + (-160)/(-9) is divided by 11.
7
Let q = 3 - -3. Suppose -a - 170 = -q*a. What is the remainder when a is divided by 19?
15
Let z = 23 + 3. Suppose 0 = 4*r - 19 - 17. What is the remainder when z is divided by 1/(0 + 1/r)?
8
Let g be 94/18 - (-2)/(-9). Suppose -g*c + 267 = -2*x, 4*x + 5 = 5*c - 254. What is the remainder when c is divided by 14?
13
Let c(m) = -m**2 - 15*m - 39. Calculate the remainder when 147 is divided by c(-9).
12
Let o(l) = l**2 + 2*l + 4. Suppose -76 = -3*j + j. Suppose p - 3*p = -j. What is the remainder when p is divided by o(-3)?
5
Suppose b + 14 = 5*i, -i - 2*b - 1 = -6*b. Let q(p) = p**3 - 5*